{"id":362,"date":"2014-02-19T04:27:58","date_gmt":"2014-02-19T03:27:58","guid":{"rendered":"http:\/\/noogadesign.fr\/wp\/?page_id=362"},"modified":"2022-06-27T15:55:53","modified_gmt":"2022-06-27T13:55:53","slug":"contact","status":"publish","type":"page","link":"https:\/\/noogadesign.fr\/index.php\/contact\/","title":{"rendered":"CONTACT"},"content":{"rendered":"<p><strong>Nicolas Agenal<\/strong> <em>aka<\/em> <strong>Nooga<\/strong><\/p>\n<p>DA \/ Illustration \/ Motion<\/p>\n<p>M@il: nicolas.agenal@gmail.com<\/p>\n<p>T\u00e9l: (+33) 06 21 10 10 12<\/p>\n<p>\u00c0 bient\u00f4t.<\/p>\n","protected":false},"excerpt":{"rendered":"<p>Nicolas Agenal aka Nooga DA \/ Illustration \/ Motion M@il: nicolas.agenal@gmail.com T\u00e9l: (+33) 06 21 10 10 12 \u00c0 bient\u00f4t.<\/p>\n<div class=\"wrap-excerpt-more\"><a class=\"excerpt-more\" href=\"https:\/\/noogadesign.fr\/index.php\/contact\/\">Continue reading<\/a><\/div>\n","protected":false},"author":1,"featured_media":1577,"parent":0,"menu_order":3,"comment_status":"closed","ping_status":"closed","template":"template-contacts.php","meta":[],"_links":{"self":[{"href":"https:\/\/noogadesign.fr\/index.php\/wp-json\/wp\/v2\/pages\/362"}],"collection":[{"href":"https:\/\/noogadesign.fr\/index.php\/wp-json\/wp\/v2\/pages"}],"about":[{"href":"https:\/\/noogadesign.fr\/index.php\/wp-json\/wp\/v2\/types\/page"}],"author":[{"embeddable":true,"href":"https:\/\/noogadesign.fr\/index.php\/wp-json\/wp\/v2\/users\/1"}],"replies":[{"embeddable":true,"href":"https:\/\/noogadesign.fr\/index.php\/wp-json\/wp\/v2\/comments?post=362"}],"version-history":[{"count":3,"href":"https:\/\/noogadesign.fr\/index.php\/wp-json\/wp\/v2\/pages\/362\/revisions"}],"predecessor-version":[{"id":1580,"href":"https:\/\/noogadesign.fr\/index.php\/wp-json\/wp\/v2\/pages\/362\/revisions\/1580"}],"wp:featuredmedia":[{"embeddable":true,"href":"https:\/\/noogadesign.fr\/index.php\/wp-json\/wp\/v2\/media\/1577"}],"wp:attachment":[{"href":"https:\/\/noogadesign.fr\/index.php\/wp-json\/wp\/v2\/media?parent=362"}],"curies":[{"name":"wp","href":"https:\/\/api.w.org\/{rel}","templated":true}]}}