{"id":57,"date":"2014-02-12T18:05:15","date_gmt":"2014-02-12T17:05:15","guid":{"rendered":"http:\/\/noogadesign.fr\/wp\/?page_id=57"},"modified":"2022-06-27T15:51:11","modified_gmt":"2022-06-27T13:51:11","slug":"cv-2","status":"publish","type":"page","link":"https:\/\/noogadesign.fr\/index.php\/cv-2\/","title":{"rendered":"CV"},"content":{"rendered":"<h2><strong><span style=\"font-size: 1.3125em;\">Quelques r\u00e9f\u00e9rences<\/span><\/strong><\/h2>\n<p>&nbsp;<\/p>\n<h2><img decoding=\"async\" loading=\"lazy\" class=\"alignnone size-large wp-image-1571\" src=\"http:\/\/noogadesign.fr\/wp-content\/uploads\/2014\/02\/References-client-nicolas-agenal-nooga-1024x384.png\" alt=\"References client- nicolas agenal - nooga\" width=\"1021\" height=\"383\" srcset=\"https:\/\/noogadesign.fr\/wp-content\/uploads\/2014\/02\/References-client-nicolas-agenal-nooga-1024x384.png 1024w, https:\/\/noogadesign.fr\/wp-content\/uploads\/2014\/02\/References-client-nicolas-agenal-nooga-300x113.png 300w, https:\/\/noogadesign.fr\/wp-content\/uploads\/2014\/02\/References-client-nicolas-agenal-nooga-768x288.png 768w, https:\/\/noogadesign.fr\/wp-content\/uploads\/2014\/02\/References-client-nicolas-agenal-nooga-220x83.png 220w, https:\/\/noogadesign.fr\/wp-content\/uploads\/2014\/02\/References-client-nicolas-agenal-nooga-583x219.png 583w, https:\/\/noogadesign.fr\/wp-content\/uploads\/2014\/02\/References-client-nicolas-agenal-nooga-1166x437.png 1166w, https:\/\/noogadesign.fr\/wp-content\/uploads\/2014\/02\/References-client-nicolas-agenal-nooga.png 1373w\" sizes=\"(max-width: 1021px) 100vw, 1021px\" \/><\/h2>\n<h2><strong><span style=\"font-size: 1.3125em;\">Exp\u00e9rience Professionnelle:<\/span><\/strong><\/h2>\n<p>&nbsp;<\/p>\n<ul>\n<li><strong>2018\/2022: Co-fondateur et Directeur Artistiquedu studio Cr\u00e9atif <a href=\"https:\/\/lasaintepaire.com\/\">LA SAINTE PAIRE<\/a>:<\/strong><\/li>\n<\/ul>\n<h3 class=\"LC20lb MBeuO DKV0Md\">\u27a1\ufe0f Relation client, prise de brief, Gestion budget, Direction cr\u00e9ative &amp; suivi de projet<\/h3>\n<h3 class=\"LC20lb MBeuO DKV0Md\">\u27a1\ufe0f Illustration: r\u00e9alisation de visuels, traditionnel ou digital.<\/h3>\n<h3 class=\"LC20lb MBeuO DKV0Md\">\u27a1\ufe0f Motion: Direction artistique, story board, realisation, creations des assets, animation 2d, direction de la 3D<\/h3>\n<h3 class=\"LC20lb MBeuO DKV0Md\">\u27a1\ufe0f Live scketching: Prise de brief clients, Intervention Live traditionnelle ( support papier) ou digitale (retranscription d&#8217;i-pad sur ecran)<\/h3>\n<h3 class=\"LC20lb MBeuO DKV0Md\">\u27a1\ufe0f Fresques:\u00a0Prise de brief clients, Maquette cotation &amp; plan, inventaire des besoins techniques, piste creative, realisation sur site (live &amp; participatif)<\/h3>\n<p>&nbsp;<\/p>\n<ul>\n<li>Janv-Sept 2017:\u00a0Motion Designer au sein de l&#8217;agence d&#8217;Habillage Tv &#8220;SOMETHING&#8221;; le 1945 pour M6, GRANDS PORTRAITS pour FRANCE2, FRANCE24 ELECTIONS,\u00a0Habillage de la Chaine VIA GRAND PARIS, 19H LE DIMANCHE &amp; 20H30 LD pour FRANCE2&#8230;<\/li>\n<\/ul>\n<p>&nbsp;<\/p>\n<ul>\n<li>Avril-Mai 2017: Exposition en tant que collectif &#8220;LA SAINTE PAIRE&#8221; \u00e0 la Galerie LACROIX \u00e0 Paris.<\/li>\n<\/ul>\n<ul>\n<li>Mars-Sept 2016\u00a0: Supervision plateau et r\u00e9alisation des FX pour la S\u00e9rie &#8220;GABRIEL&#8221; commandit\u00e9e par le client CANALPLAY. Direction Artistique, illustration et motion-design de divers contenus pour la s\u00e9rie (Affiche, Logo, Habillage, Dessin Anim\u00e9, etc)<\/li>\n<\/ul>\n<ul>\n<li>F\u00e9vrier 2015-Avril 2015\u00a0: Concept Designer\u00a0 pour l&#8217;agence internationale de FX\u00a0<a href=\"http:\/\/buf.fr\/main.php\">BUF COMPANY<\/a>\u00a0Paris.<\/li>\n<\/ul>\n<ul>\n<li>Mars\u00a02014-D\u00e9cembre 2014\u00a0: Concept Designer\u00a0 pour l&#8217;agence internationale de FX\u00a0<a href=\"http:\/\/buf.fr\/main.php\">BUF COMPANY<\/a>\u00a0\u00e0 Montr\u00e9al, Qu\u00e9bec.<\/li>\n<\/ul>\n<ul>\n<li>D\u00e9cembre2013-F\u00e9vrier 2013 : Illustrateur &amp; Charadesigner pour des recherches graphique destin\u00e9es au cin\u00e9ma pour l&#8217;agence internationale de FX <a href=\"http:\/\/buf.fr\/main.php\">BUF COMPANY<\/a><\/li>\n<li>\u00c0 partir d&#8217;Octobre 2012 jusqu&#8217;\u00e0 actuellement, je suis pass\u00e9 intermittent du spectacle ou j&#8217;ai travaill\u00e9 tour \u00e0 tour pour des agences telles que <a href=\"http:\/\/zodesign.fr\">ZODESIGN<\/a>,\u00a0<a href=\"http:\/\/primitive-animation.com\/site\/\">PRIMITIVE ANIMATION<\/a>, \u00a0<a href=\"http:\/\/gedeon.com\/#\">G\u00c9D\u00c9ON<\/a>, <a href=\"http:\/\/www.peterfranklin.fr\">PETER FRANKLIN<\/a>, le groupe de t\u00e9l\u00e9phonie <a href=\"http:\/\/www.orange.fr\/portail\">ORANGE<\/a>\u00a0&amp; <a href=\"http:\/\/www.buf.com\/main.php\">BUF<\/a>.<\/li>\n<li>D\u00e9cembre2011- Septembre 2012 : Graphiste Illustrateur Freelance pour l&#8217;agence <a title=\"ZODESIGN\" href=\"http:\/\/zodesign.fr\" target=\"_blank\">ZODESIGN<\/a>\u00a0ou je travaille beaucoup pour de l&#8217;habillage tv avec C.Valdejo, pour des chaines telles que M6, W9, France5, BEin Sports et des publicit\u00e9s (Ibis, Kinder&#8230;)<\/li>\n<li>Aout &#8211; Septembre 2011 :\u00a0Graphiste Illustrateur freelance pour l&#8217;agence <a href=\"http:\/\/www.view.fr\">VIEW<\/a>\u00a0( r\u00e9alisation d&#8217;animations pour HADOPI, devices pour FRANCE24 et RFI, R\u00e9alisation d&#8217;une fresque et habillage pour l&#8217;\u00e9mission &#8220;UN SOIR&#8221; &#8211; direction artistique C.VALDEJO )<\/li>\n<\/ul>\n<ul>\n<li>Juillet 2011 :\u00a0Mission au Qatar au sein de la chaine ALJAZEERA SPORT en tant que graphiste pour l&#8217;agence <a href=\"http:\/\/www.view.fr\">VIEW<\/a>.<\/li>\n<li>Avril &#8211; juin 2011 :\u00a0Stage en tant que graphiste Illustrateur au sein de l&#8217;agence d&#8217;habillage <a href=\"http:\/\/www.view.fr\">VIEW<\/a>.<\/li>\n<li>Janvier 2011 :\u00a0Freelance en tant que Graphiste webdesigner Illustrateur au sein de la soci\u00e9t\u00e9 de pr\u00eat a porter <a href=\"http:\/\/www.well.fr\">WELL<\/a>.<\/li>\n<li>Septembre &#8211; d\u00e9cembre 2010 :\u00a0Stage en tant que Graphiste webdesigner au sein de la soci\u00e9t\u00e9 de pr\u00eat a porter <a href=\"http:\/\/www.well.fr\">WELL<\/a>.<\/li>\n<li>Mars &#8211; Juin 2010 :\u00a0Stage en tant que webdesigner au sein de la soci\u00e9t\u00e9 <a href=\"http:\/\/www.easybourse.com\/bourse\/\">EASYBOURSE<\/a>.<\/li>\n<\/ul>\n<p>&nbsp;<\/p>\n<ul>\n<li>2004 &#8211; 2006 :\u00a0Durant mes quatre ann\u00e9es de lyc\u00e9e, ainsi que durant mes p\u00e9riodes de vacances scolaires, j&#8217;ai effectu\u00e9 une dizaine de stages et travaux saisonniers en agences de communication dans la r\u00e9gion caennaise:<\/li>\n<li>\n<ul>\n<li>&#8211; Imag&#8217; In france: R\u00e9alisation de Maquettes, Menus, Logos, Illustrations, cr\u00e9ation de plans, mise en couleur de dessins de presse.<\/li>\n<li>&#8211; Graphistes et Cie: Cr\u00e9ation de visuel et Illustrations pour le salon de la moto<\/li>\n<li>&#8211; Ad\u00e9quation: r\u00e9alisation de packaging et bandes dessin\u00e9es autour du caf\u00e9<\/li>\n<li>&#8211; Imprimerie Pho\u00e9nix: Cr\u00e9ation d&#8217;\u00e9tiquettes, maquettes, Illustrations et Bande dessin\u00e9e.<\/li>\n<li>&#8211; 2005 (juillet): Stage pratique pour l&#8217;obtention du BAFA, durant deux mois au centre socio Culturel de Bretteville sur Odon (14760).<\/li>\n<li>&#8211; 2005 (d\u00e9cembre): Obtention du dipl\u00f4me du BAFA<\/li>\n<li>&#8211; Illustrateur en freelance: r\u00e9alisation de story board pour l&#8217;UEFA, Illustration pour la Gendarmerie Nationale, Cr\u00e9ation d&#8217;identit\u00e9 graphique et logos pour professionnels, Conception de pochettes de diques pour divers musiciens.<\/li>\n<li>&#8211; Fresque: J&#8217;exerce l&#8217;activit\u00e9 de peintre fresquiste ind\u00e9pendant depuis 2005 (particuliers, chambres d&#8217;enfants, bars, bo\u00eetes de nuit, commerces).<\/li>\n<\/ul>\n<\/li>\n<\/ul>\n<h2>Cursus Scolaire:<\/h2>\n<ul>\n<li>2010 &#8211; 2011 :\u00a0\u00e9tudiant en 3\u00e8me ann\u00e9e de licence Cin\u00e9ma PARIS 8<\/li>\n<li>2009 &#8211; 2010 :\u00a0\u00e9tudiant \u00e0 l&#8217;EPSAA (Ecole sup\u00e9rieure d&#8217;art graphique et d&#8217;architecture) \u00e0 Ivry en Post dipl\u00f4me de graphiste Web et Multim\u00e9dia.<\/li>\n<li>2007 &#8211; 2009 :\u00a0Obtention du DNAP (Dipl\u00f4me National Sup\u00e9rieur d&#8217;Art Plastique) \u00e0 l&#8217;\u00e9cole sup\u00e9rieure des Beaux Arts de Rueil Malmaison (92).<\/li>\n<li>2006 :\u00a0Obtention avec mention du Bac Professionel de Graphiste Maquettiste PAO au Lyc\u00e9e Paul Cornu \u00e0 Lisieux (14).<\/li>\n<li>2004 :\u00a0Obtention du CAP Dessinateur d&#8217;Execution en Communication Graphique au Lyc\u00e9e Paul Cornu A Lisieux (14).<\/li>\n<\/ul>\n<h2><strong><span style=\"font-size: 1.3125em;\">Langues :<\/span><\/strong><\/h2>\n<ul>\n<li>Anglais (bonne compr\u00e9hension),<\/li>\n<li>Espagnol (scolaire)<\/li>\n<\/ul>\n<h2><strong>Logiciels :<\/strong><\/h2>\n<ul>\n<li>Photoshop, Illustrator, In design<\/li>\n<li>\u00a0After Effect (Pro)<\/li>\n<li>Procreate<\/li>\n<li>premi\u00e8re, Final cut<\/li>\n<li>Zbrush (autodidacte)<\/li>\n<li>Workshop c4d.<\/li>\n<\/ul>\n<h2><strong>Loisirs :<\/strong><\/h2>\n<ul>\n<li>Dessin, Peinture (toiles et fresques),\u00a0bd<\/li>\n<li>Expositions (Centre Pompidou, Palais de Tokyo, Maison Rouge)<\/li>\n<li>musique, cin\u00e9ma, lecture\u00a0et natation.<\/li>\n<li>Outdoor, sport, randon\u00e9es &amp; p\u00eache<\/li>\n<\/ul>\n","protected":false},"excerpt":{"rendered":"<p>Quelques r\u00e9f\u00e9rences &nbsp; Exp\u00e9rience Professionnelle: &nbsp; 2018\/2022: Co-fondateur et Directeur Artistiquedu studio Cr\u00e9atif LA SAINTE PAIRE: \u27a1\ufe0f Relation client, prise de brief, Gestion budget, Direction cr\u00e9ative &amp; suivi de projet \u27a1\ufe0f Illustration: r\u00e9alisation de visuels, traditionnel ou digital. \u27a1\ufe0f Motion: Direction artistique, story board, realisation, creations des assets, animation 2d, &hellip;<\/p>\n<div class=\"wrap-excerpt-more\"><a class=\"excerpt-more\" href=\"https:\/\/noogadesign.fr\/index.php\/cv-2\/\">Continue reading<\/a><\/div>\n","protected":false},"author":1,"featured_media":0,"parent":0,"menu_order":2,"comment_status":"closed","ping_status":"closed","template":"","meta":[],"_links":{"self":[{"href":"https:\/\/noogadesign.fr\/index.php\/wp-json\/wp\/v2\/pages\/57"}],"collection":[{"href":"https:\/\/noogadesign.fr\/index.php\/wp-json\/wp\/v2\/pages"}],"about":[{"href":"https:\/\/noogadesign.fr\/index.php\/wp-json\/wp\/v2\/types\/page"}],"author":[{"embeddable":true,"href":"https:\/\/noogadesign.fr\/index.php\/wp-json\/wp\/v2\/users\/1"}],"replies":[{"embeddable":true,"href":"https:\/\/noogadesign.fr\/index.php\/wp-json\/wp\/v2\/comments?post=57"}],"version-history":[{"count":11,"href":"https:\/\/noogadesign.fr\/index.php\/wp-json\/wp\/v2\/pages\/57\/revisions"}],"predecessor-version":[{"id":1573,"href":"https:\/\/noogadesign.fr\/index.php\/wp-json\/wp\/v2\/pages\/57\/revisions\/1573"}],"wp:attachment":[{"href":"https:\/\/noogadesign.fr\/index.php\/wp-json\/wp\/v2\/media?parent=57"}],"curies":[{"name":"wp","href":"https:\/\/api.w.org\/{rel}","templated":true}]}}